Calculate the remainder when v(-4) is divided by 11.
10
Let l = 0 + 1. Let u = 1 - l. Calculate the remainder when 10 is divided by (-1)/2*u + 6.
4
Let d = 108 + -68. What is the remainder when 117 is divided by d?
37
Suppose 0 = -4*h - 64 + 408. What is the remainder when h is divided by 29?
28
Suppose -5*g = 5*f - 195, g + 3*f - 25 - 22 = 0. Let y = g + -25. Calculate the remainder when 19 is divided by y.
9
Let f(d) = d**3 - 11*d**2 - 13*d + 14. Let t be f(12). Let m = t + 16. What is the remainder when m is divided by 11?
7
Suppose 2*i + 37 = m, 0*i = 2*m + i - 69. Suppose -3*q = -5*d - 89, -2*q - 3*d = -3*q + m. What is the remainder when 45 is divided by q?
22
Suppose 7*a = -40 + 334. What is the remainder when 122 is divided by a?
38
Let p(a) = -18*a + 9. Calculate the remainder when p(-3) is divided by 33.
30
Let v = -36 - -48. Calculate the remainder when 21 is divided by v.
9
Suppose -51 = -3*h - 2*l, 0 = -3*h + 5*l + 28 + 23. Suppose -3*w = w - 8. Let a(c) = c**3 + c**2 - 2*c + 1. Calculate the remainder when h is divided by a(w).
8
Let q = 6 - 3. Let f = 12 + -9. Suppose -3*m + f = -21. What is the remainder when m is divided by q?
2
Suppose -39 = -2*t - k, 0 = 5*t + 4*k - 0*k - 102. Calculate the remainder when 267 is divided by t.
15
What is the remainder when 15000/192 - (-2)/(-16) is divided by 21?
15
Suppose -k + 4*k - 48 = 0. What is the remainder when k is divided by 6?
4
Suppose 0 = -2*y - 2*k + 176, 4*y - 5*k - 375 = 13. Calculate the remainder when y is divided by 31.
30
Suppose 0 = z + z - 8. Suppose z*n = -11 + 27, 0 = 4*r + n - 12. What is the remainder when 6 is divided by r?
0
Let z = -3 + 11. Let l(t) = t**3 - 8*t**2 + 4*t + 7. Calculate the remainder when l(z) is divided by 14.
11
Suppose -3*a = -3*f + a + 195, -320 = -5*f + 5*a. Calculate the remainder when f is divided by 16.
13
Suppose 3*j - 25 - 20 = 0. Calculate the remainder when 49 is divided by j.
4
Suppose s = 2*v - 15, 4 = 4*v + 4*s - 8. Let f be 6*(-2)/((-20)/5). Suppose -f*l - 5*x = -39, -x + v = x. What is the remainder when l is divided by 5?
3
Suppose 383 = 5*a - 67. Suppose 2*g = -4*n + 54, g - 6*g + 5*n + a = 0. Let f(m) = 11*m**2 - m - 1. Calculate the remainder when g is divided by f(-1).
10
Suppose -2*t + 6 = -4*k + 64, k = 4*t + 25. Suppose 0*h - h = -38. What is the remainder when h is divided by k?
12
Let r = -2 - -16. What is the remainder when r is divided by 8?
6
Suppose i + 0*i + 3*s + 6 = 0, 2*s = -6. Let p = -3 + i. Suppose p - 8 = -4*o. Calculate the remainder when 5 is divided by o.
1
Suppose r + 3*r - 3*d + 4 = 0, 8 = -2*r + 3*d. Let y(q) = -q**3 + 5*q**2 - 3*q + 3. Let j be y(5). What is the remainder when (-3)/j*-2*-4 is divided by r?
0
Calculate the remainder when 31 is divided by (6 + -2 + 4)/1.
7
Let s(u) = 11*u - 5. Suppose 1 = 2*p - 9. Suppose -5*n - 7 - 17 = -2*k, -3*k + 2*n + 47 = 0. Calculate the remainder when s(p) is divided by k.
16
Suppose 3*t - 4*t = -5*u + 576, 3*u - t - 346 = 0. Calculate the remainder when u is divided by 39.
37
Suppose 4*b = d + b + 71, -4*d - 5*b = 216. Let q = -8 - d. What is the remainder when q is divided by 26?
25
Let j(w) = w**2 + 3*w + 1. Suppose 0 = 2*q + 3*q - 3*v - 107, 4*q - 60 = -4*v. Calculate the remainder when q is divided by j(-5).
8
Suppose 0*r = r - 9. Let h(c) = 4*c**2 + 12*c - 1. Calculate the remainder when h(-4) is divided by r.
6
Let l(z) = -z - 4. What is the remainder when 16 is divided by l(-10)?
4
Let h(b) = b + 9. What is the remainder when 4 is divided by h(-5)?
0
Let a(m) = -m**2 + 2*m + 2. Let r be a(-2). Let y = r + 9. Suppose -32*b - 12 = -38*b. What is the remainder when y is divided by b?
1
Suppose 5*f = -0*x - x + 40, f + 5*x = 32. Calculate the remainder when f is divided by 5.
2
Let b(p) = p. Let w be b(0). Suppose w = -5*m + 3*m + 14. What is the remainder when 13 is divided by m?
6
Let f = -48 + 59. Calculate the remainder when 20 is divided by f.
9
Suppose -h = 4*o - 63, 0*o + 32 = o - 3*h. What is the remainder when o is divided by 7?
3
Let u(w) = w**2 + 2*w - 3. Let h be u(-4). Suppose -h*n = -0*n - 75. What is the remainder when 28 is divided by n?
13
Let h be 175/(-28) + 1/4. What is the remainder when (-5)/(7/h - -1) is divided by 1*1/2*22?
8
Let p = 16 + -6. Calculate the remainder when 29 is divided by p.
9
Let a(d) = 12*d**2 + d. Let n be a(1). Suppose -5*g + 2 = -n. Calculate the remainder when 5 is divided by g.
2
Let x = 28 + -25. Calculate the remainder when 15 is divided by x.
0
Let h be (-10)/(-2) + 0 + -3. Let l be 23*-1*15/(-3). Suppose 0 = 5*n + 5*t - l, 5*n + h*t - 94 = 4*t. What is the remainder when n is divided by 7?
6
Calculate the remainder when 1 - (-2 - (49 + -4)) is divided by 17.
14
Let l(v) = v + 9. Let w be l(-7). Suppose -3*p = n - 50, -w*p + 0*p + 25 = -n. Suppose 2 = x - p. Calculate the remainder when x is divided by 6.
5
Suppose -18 = -0*s - s. Suppose -3*c + s = -12. What is the remainder when 29 is divided by c?
9
Let g(m) = -m**3 + 3*m**2 + 2*m - 1. Let n be g(3). Suppose -29 = -2*l + n*f, -4*l - l + 64 = -4*f. Calculate the remainder when l is divided by 5.
2
Suppose -2*w - 87 + 35 = -4*h, -2*w + 65 = 5*h. What is the remainder when h is divided by 4?
1
Suppose -21 + 3 = 2*c. Let g = c - -24. Calculate the remainder when 72 is divided by g.
12
Let j = 43 - 31. Let d be (-1)/4 + (-102)/8. Calculate the remainder when j is divided by d/(-3) - 4/(-6).
2
Suppose -5*z + 425 = -5*k, 2*z - 172 = 2*k + k. Let l = z + -46. Calculate the remainder when l is divided by 13.
11
Suppose 0 = -3*b - 2*b. Suppose 4*z - 10 = 2. Suppose b = -z*v - v + 32. What is the remainder when 15 is divided by v?
7
Let h be ((-2)/3)/(1/9). Let w(o) = -o**2 - 3*o + 3*o - 7 - 9*o - 1. What is the remainder when w(h) is divided by 6?
4
Suppose -3*v = -3*x + 54, 0*v = -v + 1. Calculate the remainder when x is divided by 10.
9
Let d = -18 + 42. Let n = 138 + -81. Suppose -n + 18 = -3*g. What is the remainder when d is divided by g?
11
Let j = -4 - -15. Let f be (9 + -3)/(3 + -1). Suppose 0*d + 57 = f*d. Calculate the remainder when d is divided by j.
8
Let l(h) = 6*h - 16. Calculate the remainder when 47 is divided by l(7).
21
Let n = 135 - 106. Calculate the remainder when n is divided by 11.
7
Suppose -5 = -4*q + 7. Suppose -44 = -4*v + 4*m, -v + 12 = -5*m - 11. What is the remainder when (-14)/8*(-24)/q is divided by v?
6
Let y(t) = -3*t - 6. What is the remainder when 25 is divided by y(-5)?
7
Suppose h + 259 = 2*o + 4*h, -2*h + 381 = 3*o. Suppose -2*r = 5*u - 51, 46 + o = 5*r - 2*u. What is the remainder when r is divided by 17?
16
Suppose 5*y = -0*y. Suppose y*m = m - 38. What is the remainder when m is divided by 20?
18
Let u(y) = -5*y**3 - 7*y**2 + 4*y - 2. Let w(q) = -9*q**3 - 13*q**2 + 7*q - 3. Let i(g) = -7*u(g) + 4*w(g). What is the remainder when i(-4) is divided by 10?
8
Suppose -11 = 3*c - 59. Calculate the remainder when 9 is divided by -4*10*(-2)/c.
4
Suppose 3*w - 45 = -3*u, -3*u = -3*w + 58 - 7. Calculate the remainder when 62 is divided by w.
14
Suppose 18*a = 11*a + 952. What is the remainder when a is divided by 23?
21
Let s(g) = g**3 - 6*g**2 + 5*g. Let v be s(5). Let f = -6 + v. Calculate the remainder when 23 + -1 + (-2 - f) is divided by 14.
12
Let s(h) = -17*h - 11. Suppose 5*x - 8*x - 15 = 0. What is the remainder when s(x) is divided by 11?
8
Suppose -3*g - 2*o - 28 = -4*g, 3*o = g - 31. Calculate the remainder when g is divided by 8.
6
Let u(s) = -41*s - 7. Calculate the remainder when u(-3) is divided by 13.
12
Let z(l) = l**2 + l - 11. What is the remainder when 177 is divided by z(7)?
42
Let g = -7 + 11. Suppose g*l + 75 = l. What is the remainder when 23 is divided by 42/5 - (-10)/l?
7
Let m = 94 + -74. What is the remainder when 34 is divided by m?
14
Suppose 0*z + 2*z + 4 = 3*r, -r + 4 = 2*z. Let w = z + 10. Suppose 0 = -5*o + t + 19, 0 = 4*o + 5*t - 15 - 6. Calculate the remainder when w is divided by o.
3
Let a = -38 - -18. Let k = a + 30. What is the remainder when k is divided by 7?
3
Let m(h) = 34*h**2 + 2*h - 1. Suppose 4*b - 16 = 20. What is the remainder when m(1) is divided by b?
8
Suppose 4*o = -h + 5*h - 976, -3*h - 3*o = -708. Suppose l = -46 - h. Calculate the remainder when l/(-8) - 6/8 is divided by 1